{"id":1704,"date":"2022-01-28T11:53:01","date_gmt":"2022-01-28T10:53:01","guid":{"rendered":"https:\/\/peeweeinternational.eu\/?post_type=product&#038;p=1704"},"modified":"2025-10-02T11:32:15","modified_gmt":"2025-10-02T09:32:15","slug":"ecogranda","status":"publish","type":"product","link":"https:\/\/peeweeinternational.eu\/fin\/kattenbakken\/ecogranda\/","title":{"rendered":"EcoGranda"},"content":{"rendered":"","protected":false},"excerpt":{"rendered":"<p><strong>Kanneton kissanvessa suurille ja eritt\u00e4in suurille kissoille.<\/strong><\/p>\n<p><strong>\u00c4lyk\u00e4s muotoilu<\/strong><br \/>\nja kaksinkertainen pohja varmistavat mukavuuden ja kest\u00e4vyyden.<\/p>\n<p><strong>2 osaa.<\/strong><br \/>\nRitil\u00e4pohjainen yl\u00e4kerros, virtsa ja sahanpurut kulkeutuvat alalaatikkoon.<\/p>\n<p><strong>Helppo k\u00e4ytt\u00e4\u00e4.<\/strong><br \/>\nPuupelletit hajoavat jouduttuaan kosketuksiin virtsan kanssa ja kissan kuopiessa ne kulkeutuvat alalaatikkoon, joten vain alalaatikko pit\u00e4\u00e4 tyhjent\u00e4\u00e4.<\/p>\n<p><strong>Kuivat ja puhtaat tassut.<\/strong><br \/>\nSahajauho on p\u00f6lyt\u00f6nt\u00e4 eik\u00e4 tartu tassuihin ja turkkiin vessaa k\u00e4ytett\u00e4ess\u00e4.<\/p>\n<p><strong>Erityiskorkea reuna.<\/strong><br \/>\nIhanteellinen suurille kissoille, sopii my\u00f6s seisaallaan pissaaville kissoille.<\/p>","protected":false},"featured_media":2648,"template":"","meta":[],"product_brand":[],"product_cat":[29],"product_tag":[41],"class_list":{"0":"post-1704","1":"product","2":"type-product","3":"status-publish","4":"has-post-thumbnail","6":"product_cat-kattenbak","7":"product_tag-ecogranda","9":"first","10":"instock","11":"shipping-taxable","12":"purchasable","13":"product-type-variable","14":"has-default-attributes"},"_links":{"self":[{"href":"https:\/\/peeweeinternational.eu\/fin\/wp-json\/wp\/v2\/product\/1704","targetHints":{"allow":["GET"]}}],"collection":[{"href":"https:\/\/peeweeinternational.eu\/fin\/wp-json\/wp\/v2\/product"}],"about":[{"href":"https:\/\/peeweeinternational.eu\/fin\/wp-json\/wp\/v2\/types\/product"}],"wp:featuredmedia":[{"embeddable":true,"href":"https:\/\/peeweeinternational.eu\/fin\/wp-json\/wp\/v2\/media\/2648"}],"wp:attachment":[{"href":"https:\/\/peeweeinternational.eu\/fin\/wp-json\/wp\/v2\/media?parent=1704"}],"wp:term":[{"taxonomy":"product_brand","embeddable":true,"href":"https:\/\/peeweeinternational.eu\/fin\/wp-json\/wp\/v2\/product_brand?post=1704"},{"taxonomy":"product_cat","embeddable":true,"href":"https:\/\/peeweeinternational.eu\/fin\/wp-json\/wp\/v2\/product_cat?post=1704"},{"taxonomy":"product_tag","embeddable":true,"href":"https:\/\/peeweeinternational.eu\/fin\/wp-json\/wp\/v2\/product_tag?post=1704"}],"curies":[{"name":"wp","href":"https:\/\/api.w.org\/{rel}","templated":true}]}}